te number?
False
Let k be (-2)/(-3) + (-160)/(-3). Let z = k - 33. Is z a composite number?
True
Let g(h) = h**3 - 5*h**2 + 5*h + 10. Is g(7) prime?
False
Let p = 5100 + 389. Is p prime?
False
Let a(p) = 5*p**2 - 31*p + 4. Let v be a(10). Suppose 4*k + 230 = -314. Let n = v + k. Is n composite?
True
Suppose -1559 = 3*o - 4*o. Is o prime?
True
Let g = -2 + 5. Suppose -g*n = -n - 142. Is n composite?
False
Suppose v + 17 = 4*c - 2*v, -2*v = 6. Let p(z) = 0 - z + c + z - 3*z. Is p(-3) composite?
False
Suppose -105 = 2*z - 5*z. Suppose -z = -2*m + m. Is m prime?
False
Let r(n) = n**2 - n + 1. Let d(u) = -13*u**2 - 2*u + 2. Let t(v) = -d(v) + 3*r(v). Let f be t(1). Suppose 2*a = 4*b - 0*b - 244, -f = 4*a. Is b prime?
True
Let d(y) = 14*y + 1. Is d(3) a prime number?
True
Suppose -11*o - 6663 = -30896. Is o a composite number?
False
Suppose -w - t + 0*t + 250 = 0, 2*t + 994 = 4*w. Suppose 2*d = -3*j + w, 3*j - 3*d = 2*j + 94. Is j a prime number?
False
Let o be 6 + -7 - 12/(-2). Let p(a) = -a**3 + 6*a**2 - 4*a + 2. Let y be p(o). Is 1339/y + (-12)/42 composite?
False
Let q be ((-4)/5)/(8/(-2180)). Let d = 21 + -15. Suppose -2*b = 5*s - s - q, 0 = -2*b + d. Is s a composite number?
False
Let n be 2*-4*(-1)/2. Suppose 4*i + 168 = f + 3*f, 0 = -f - n*i + 62. Is f a prime number?
False
Suppose 0 = 2*j + j - 1689. Is j a prime number?
True
Suppose z = -5*k + 198, 6*z + 4*k = 2*z + 808. Is z composite?
True
Suppose 0 = -4*v + v - 2*j - 5, 5*v + j = -6. Let n be (-5 - 0/(-3))*v. Suppose 0 = 3*h - 0*z - n*z - 50, -3*h = -2*z - 38. Is h a prime number?
False
Suppose a + 2*a = -255. Let u = -23 + a. Let b = u + 235. Is b composite?
False
Suppose 0*t = -4*t - 3*g + 1357, 2*t = 2*g + 668. Is t prime?
True
Let g = 1670 - 3845. Let c = 1073 + g. Is (-10)/(-35) + c/(-14) a prime number?
True
Let m be ((-10)/4)/(-5)*1546. Suppose 0 = -3*k - 5*j + m, -690 = -5*k - 3*j + 577. Is k composite?
False
Let u(h) = h - 3. Let c be u(6). Suppose 50 = 4*d - 2*j, -d + 2*j = -c*d + 34. Is d composite?
True
Let h(b) = b**3 - 13*b**2 - 29*b - 18. Let l be h(15). Let w(m) = -m - 5. Let f be w(-6). Is 1 + (105 - l/f) a composite number?
False
Let l be (5 + 0 - 3)*12. Is 2728/l + (-4)/6 composite?
False
Let r be (-8 + 5)/(6/4). Is (-1524)/(-18) + r/(-6) a prime number?
False
Let r(c) = 2*c + 2*c**2 + 0*c + 4 - c**2. Is r(-3) prime?
True
Suppose 0 = 5*s + 4*g - 3295, -3*s + 1977 = -3*g + 2*g. Is s a prime number?
True
Is -521*4/((-20)/5) a composite number?
False
Let w(s) = -s**3 - 16*s**2 - s - 8. Is w(-17) a prime number?
False
Let z = 2389 + -1434. Is z composite?
True
Suppose 6 - 3 = 3*q. Let o = 0 + q. Is 27/(-15)*-5*o prime?
False
Let a(x) = -2*x**3 + 3*x**2 - 4*x - 2. Is a(-3) a composite number?
True
Let u(s) = -3*s. Let t be u(-2). Suppose 864 + 102 = t*f. Is f prime?
False
Let t(m) = 96*m + 17. Is t(14) a prime number?
True
Suppose 0 = -2*o + 2 - 4. Let f(l) = l. Let z(t) = -26*t - 1. Let u(x) = 4*f(x) + z(x). Is u(o) prime?
False
Let p(h) = -5*h + 4 - 7 + 2*h**2 - 3*h**2. Let l be p(-4). Is l/(-4) - (-2499)/28 prime?
True
Let r(v) = -v**3 - 9*v**2 - 2*v + 11. Is r(-10) a prime number?
True
Let j be 2*6/4*1. Suppose -j*q = 7 - 181. Is q a composite number?
True
Let z(d) be the first derivative of -d**4/4 + 14*d**3/3 - 6*d**2 + 7*d - 1. Is z(8) a composite number?
True
Let w(t) = 0*t**2 - 5*t - t**2 + 2*t + t. Let l be w(-2). Let r(x) = x**2 - x + 69. Is r(l) a composite number?
True
Let z(k) = -186*k - 5. Let s be z(-5). Let n = s + -471. Let o = n + -251. Is o a composite number?
True
Suppose 0*r = 3*r - 3. Is -1 - 2 - -27 - r composite?
False
Suppose 253 = -4*o - 263. Let b = 184 + o. Is b a composite number?
True
Let a(w) be the first derivative of -w**2/2 - 12*w + 4. Let m be a(-12). Suppose m = -4*q - 20, -4*y + 1 = q - 118. Is y composite?
False
Suppose 4*p - 2900 = 3352. Is p a composite number?
True
Let u be (9/(-15))/((-1)/5). Suppose -4*c - 11 = -u. Is (-1334)/(-14) - c/(-7) prime?
False
Suppose 0*y - y = 0. Suppose -2*m + 467 - 169 = y. Is m composite?
False
Suppose -4*t = g - 3408, 4*g - 360 = 3*t - 2935. Is t prime?
True
Let v = -489 + 787. Is v prime?
False
Let o(w) = -w**2 - 6*w - 1. Let y be o(-3). Suppose -3*i = -y*i + 135. Suppose -5*h = -4*r + 112, -r + 3*h - 2*h = -i. Is r composite?
False
Suppose -535 - 1299 = -7*f. Is f a composite number?
True
Is (1 + 418)*1/((-3)/(-3)) prime?
True
Suppose 2*i - 2*c + 0*c = 1412, 0 = -2*i - c + 1397. Is i composite?
False
Suppose 0 = -q - 2*m + 29, -q = 2*q - m - 108. Let i be 30/4 + (-1)/2. Suppose -f + q = 2*u + i, 2*u - 2*f = 22. Is u a composite number?
False
Suppose 10 = -4*u - 10, -f = 5*u - 160. Is f a prime number?
False
Let m be -3 + 0 - -1*113. Suppose 2*n + m = 7*n. Is n a prime number?
False
Let r be (-207 + 10)*(1 + -2). Suppose -1 = y, 3*y - 576 = -2*d - r. Is d prime?
True
Let v(d) = -16*d**3 + d**2 + 2. Is v(-3) composite?
False
Suppose -2*g = g - 1494. Suppose h = -h + g. Is h a composite number?
True
Let i = 54 + 91. Suppose 4*l - 2*l + 2*m + 62 = 0, -5*m + i = -5*l. Let y = l - -99. Is y a prime number?
False
Let j(w) = w**2 + 8*w + 3. Suppose -t = 10 + 2. Is j(t) a prime number?
False
Let j(w) = 9*w + 2. Suppose -k = -0*k + 3, s - 2*k = 8. Let y be j(s). Suppose 3*n - 58 = y. Is n composite?
True
Suppose -3*y + 27867 = 3*l, 2*l + 2*y - 18598 = 5*y. Is l prime?
True
Suppose 327 = 2*w - 55. Is w prime?
True
Suppose 33 = 4*t + 9. Let k = t + 1. Is k composite?
False
Suppose 3*x + 2*o = x - 20, -5*x - 20 = -5*o. Let i = x + -2. Let v(a) = -a + 2. Is v(i) prime?
True
Suppose -2*f = -0*f - 4. Suppose -17 = -j - l, -f*j + l - 5*l + 38 = 0. Is j prime?
False
Let r be 77*-1*1/1. Let k = 111 + r. Is k a prime number?
False
Suppose 4*s = r + 5, -2*r + s = r - 40. Is r composite?
True
Let f(l) = l**2 + 11*l + 15. Let j be f(-10). Suppose i - 2*m - 5 = 0, -j*i + m + 2*m + 25 = 0. Suppose i*z = 191 + 264. Is z composite?
True
Let n = 245 + -93. Suppose -4*h + 67 = -4*x - 61, -5*h = 3*x - n. Is h prime?
True
Let c = -511 - -982. Is c composite?
True
Suppose 2*v + 12 = -0*v. Let c be ((-2)/v)/((-2)/(-12)). Suppose -g + c*g = 10. Is g composite?
True
Let w(o) = o**3 + 15*o**2 - 22*o + 1. Is w(-16) a prime number?
True
Let p be (-2)/(-1 - 0 - 1). Suppose -p = h - 2. Let d(x) = 53*x**3. Is d(h) a composite number?
False
Let p(x) = 10*x + 8*x + 9*x - 3 + x**2 - 21*x. Suppose 0*b - 4*b = -16. Is p(b) composite?
False
Let l(m) = -m**2 - 2*m + 587. Is l(0) prime?
True
Let t(u) = u. Let d be t(-6). Let p(l) = -66*l - 5. Is p(d) a prime number?
False
Let u(z) = 22*z**2 - 2*z - 2. Let f be u(3). Let c be f/(-4) - (-7)/(-14). Let h = c + 103. Is h a prime number?
False
Let v = 856 - 225. Is v a prime number?
True
Suppose 2*a = -0*a + 312. Suppose -p + a = 2*p. Suppose 2*d = 2*i + p, -3*d - 2*i + 31 + 27 = 0. Is d a composite number?
True
Suppose 0 = 2*c + z - 638, 3*c = 4*z - 5*z + 955. Is c composite?
False
Let x(b) = -b**2 + 4*b + 7. Let r be x(6). Let j(g) = -54*g - 11. Is j(r) a composite number?
True
Is 703 - 0*(-2)/10 a composite number?
True
Suppose -u + q = 11, -q + 13 = -3*u - 2*q. Is ((-28)/10)/(u/15) prime?
True
Suppose 4*v = -2*l + 74, 5*l - 2*v = -0*v + 233. Let r = l - 24. Is r a prime number?
False
Suppose l + 5*z = -27, 3*l - z - 3*z - 14 = 0. Let j be (2/(-2))/(1/l). Let x = j - -51. Is x a composite number?
False
Let u(v) = v**2 - v - 1. Is u(-9) a prime number?
True
Let z = 76 + 15. Let x = 55 + -79. Let d = x + z. Is d a composite number?
False
Let z = 444 - 274. Let x = 417 - z. Is x a prime number?
False
Is (1465/15)/((-4)/(-12)) prime?
True
Let k = 2 + -2. Suppose -5*i + 4 = 3*r + r, -2*i + 3*r + 20 = k. Suppose -q = i*v + 70 - 439, -5*v - 3*q = -470. Is v a prime number?
False
Let v = 5 + 0. Suppose v*d + 35 = -0*d. Let z = d + 22. Is z prime?
False
Is ((-4)/(-6))/((-7)/(-609)) prime?
False
Let b(k) = k + 127. Is b(0) a composite number?
False
Let a = 206 - -189. Suppose 0 = -5*c - 2*f + a, -2*c - 2*c = -2*f - 298. Let z = c - 24. Is z a prime number?
True
Let d = -119 - -208. Is d prime?
True
Let m be (-1 + 2)*3 + 1. Suppose 0 = -5*a + m + 1. Is (33 + (0 - -2))*a a prime number?
False
Let g(z) = -z**3 + 15*z**2 + 17*z - 12. Let b be g(16). Suppose 9*o - 235 = b*o. Is o a composite number?
False
